23. List the prime factors of z.
1051
Let d be (-1 + 2 + (-5747)/28)*-4. Suppose -5*p - 307 + d = 0. List the prime factors of p.
2, 3, 17
Let f(j) be the first derivative of 34*j**3/3 - j**2 + 4*j - 42. What are the prime factors of f(2)?
2, 17
Let m(h) = -h**3 + 4*h**2 - 3*h**2 - 3*h**2 + 0*h**2 - h. Let u be m(-2). List the prime factors of u*((-27)/2)/(-3).
3
Suppose 7*d - 2847 = -411. List the prime factors of d.
2, 3, 29
Let y be (0 - 4/(-8))*8. Suppose -l + 15 = 2*l + 3*i, -y*l + i + 25 = 0. Suppose 0 = -0*k + l*k - 60. List the prime factors of k.
2, 5
Suppose 47*g - 73444 = 155634. List the prime factors of g.
2, 2437
Suppose -12 = -o + 4*o. Let v(f) = f**3 + 5*f**2 + 7*f. Let m(c) = 2*c**3 + 9*c**2 + 14*c - 1. Let r(p) = -2*m(p) + 5*v(p). List the prime factors of r(o).
2, 11
Let g = -81 - -35. Let o = g - -70. List the prime factors of o.
2, 3
Let m(g) be the second derivative of g**4/12 - 5*g**3/3 + 12*g**2 + 10*g. List the prime factors of m(12).
2, 3
Let a(w) = -32*w + 94. What are the prime factors of a(-32)?
2, 13, 43
Let d be 0 + (-1 + -1 - 0). Let j be 2/(8/(-12))*d. Suppose j*h = h + 45. What are the prime factors of h?
3
Let a(z) = 58*z**2 + 2*z + 2. Suppose 3*r = 2*r - 1. Let k be a(r). List the prime factors of k + (-8 - (1 + -5)).
2, 3
Let z = 19 - -10. What are the prime factors of (-3 - (0 - z))/2?
13
Let m = -8 - -16. Let g = m + -27. What are the prime factors of g/1*(7 - 8)?
19
Let b(m) = -m**2 + 2. Let w be b(3). Let r(i) = 3*i + 5. Let t(g) = 6*g + 10. Let q(l) = -13*r(l) + 6*t(l). List the prime factors of q(w).
2
Let o(f) = 4*f**3 - f. Let i(v) = v**3 - 4*v**2 - 10*v - 7. Let m be i(6). Suppose -3*t = -1 - m. List the prime factors of o(t).
2, 3, 5
Suppose k = q, 2*k = -6 - 4. Let l be 4/q*10/(-4). What are the prime factors of (2/(-4))/(l/(-120))?
2, 3, 5
Let p be (2/4)/((-5)/(-40)). Suppose -n + 2*n - 5*u = -18, -p*u = 2*n - 6. Let j(g) = g**2 + 4. List the prime factors of j(n).
13
Suppose -4*n + 148 = -2*f, 5*n = 3*f - 10 + 237. Let a be f/(-6)*12/3. Let r = -32 + a. List the prime factors of r.
2, 3
Let s be (-1)/((-4)/(8*-5)). Let z be s/(-5) - 9*-1. Let r = 21 - z. What are the prime factors of r?
2, 5
Let l = -315 - -347. List the prime factors of l.
2
Let u(t) = -19 + 9*t - 5*t**2 - 15*t**3 + 4 + 16*t**3. What are the prime factors of u(6)?
3, 5
Suppose k = -0*k - 4*p - 2, -2*k + 5*p = -22. Let b = k - 3. Suppose -b*z + 65 = 2*z. List the prime factors of z.
13
Suppose -l = 5*h - 3*l - 7, 4 = 5*h + l. Let b be 36*h - 3 - 2. Suppose -g - 12 = -b. List the prime factors of g.
19
Let g = 45 - 25. Suppose -x + 4*x + 219 = 3*m, g = -5*x. List the prime factors of m.
3, 23
Suppose -854 = -9*i + 2*i. List the prime factors of i.
2, 61
Let w = 207 - 192. Let c(h) be the third derivative of h**5/60 - h**4/2 - h**3/6 + 2*h**2. List the prime factors of c(w).
2, 11
Let l = -722 - -1508. What are the prime factors of l?
2, 3, 131
Let r(u) = u**3 + 7*u**2 + 4*u - 2. Let d(f) = 2*f**3 + 8*f**2 + 5*f - 3. Let s(i) = 2*d(i) - 3*r(i). List the prime factors of s(8).
2, 11
Let u(q) = 3*q**3 + 1049. What are the prime factors of u(0)?
1049
Suppose -s = 3*s. Let p(w) be the third derivative of -w**6/120 + w**4/24 + 17*w**3/6 - 9*w**2. List the prime factors of p(s).
17
Let a be ((-30)/21*1)/((-2)/28). Let z(i) = -4*i**3 - 2*i**2 - 2*i - 1. Let m be z(-2). Let g = m + a. What are the prime factors of g?
47
Let q(b) = b + 1. Let u be q(1). Let o(n) = 2*n**2 - 2 + n**u + 5*n**2 + 6 + 3*n. List the prime factors of o(-2).
2, 3, 5
Let x(u) = u**3 + 9*u**2 - u - 22. List the prime factors of x(-8).
2, 5
Let y(z) = z**2 + 7*z + 13. Let i be y(-6). Let u(r) = 7*r - 1. What are the prime factors of u(i)?
2, 3
Let s(h) = -4*h + 10. Let a(w) = 17*w - 39. Let v(k) = 2*a(k) + 9*s(k). List the prime factors of v(-13).
2, 19
Suppose -3*b + 1265 = 2*s, -2*b + 7*s = 5*s - 830. What are the prime factors of b?
419
Let p be ((-176)/(-32))/(2/4). Let u be (7/(-6))/(p/(-66)). Let v = 15 - u. What are the prime factors of v?
2
Suppose -580 = -0*j - 2*j. What are the prime factors of (j/(-4))/(5/(-10))?
5, 29
Suppose 2*i - 7*i - m = -283, -3 = -m. Suppose -10*t = -6*t - i. Suppose 4*a - 16 = 0, 0*a = j - 4*a + t. List the prime factors of j.
2
Let s be (-3)/(-6) + 314/(-4). Let g be (-6)/(6*(-2)/s). Let w = -20 - g. What are the prime factors of w?
19
Suppose 0 = -2*n + 2, -o + 3*n = 6*n - 6. Suppose -28 = 3*c + v, -o*c - 2*v - 13 = 2*v. What are the prime factors of 4/(-22) + (-541)/c?
7
Let r(o) = -o**2 - 11*o + 15. Let d be r(-10). Suppose -69 = d*a - 26*a. What are the prime factors of a?
3, 23
Suppose -42*x = -49*x + 4445. List the prime factors of x.
5, 127
Let t(b) = 2265*b**3 - 3*b**2 + 6*b - 5. List the prime factors of t(1).
31, 73
Suppose -7 = x + 5*a, 0 = -2*x - 4*a - 7 - 1. Let s be (-1 - -1 - -1) + 3. Let n = x + s. What are the prime factors of n?
2
Let z = 13 + 25. Suppose -2*w + w + 3 = 2*o, -4*w + 25 = -5*o. Let q = z + o. What are the prime factors of q?
37
Suppose -5*h = -2*h + 27. Let u(s) = 2*s**2 + 16*s + 1. List the prime factors of u(h).
19
Let a(t) be the second derivative of -1/3*t**3 - 7*t + 1/2*t**4 - 2*t**2 + 0. List the prime factors of a(-3).
2, 7
Suppose b - n = 56, 60 = b - n - n. Let y = -5 - -26. Let a = b - y. List the prime factors of a.
31
Let w(n) = -n**2 - 7*n - 4. Let s be w(-6). Suppose -5*u + 37 = s*p, 3*p - 52 = -0*u - 4*u. List the prime factors of p.
2
Suppose 5*b + 2*t - 10049 = 0, 4*t + 768 = -4*b + 8800. What are the prime factors of b?
2011
Suppose -7776 = 358*w - 360*w. List the prime factors of w.
2, 3
Let x(j) = -9*j**3 - 13*j**2 + 2. Let d(q) = 4*q**3 + 6*q**2 - 1. Let s(o) = 13*d(o) + 6*x(o). List the prime factors of s(-3).
53
Let u be (-5 - 2 - -7)/(-1 - 2). Suppose 0 = -3*w - 5*d + 313, u = 5*w - 0*w - 4*d - 534. What are the prime factors of w?
2, 53
Let b(c) = 45*c - 33. Let k(q) = q**3 + 9*q**2 + q + 15. Let n be k(-9). List the prime factors of b(n).
3, 79
Let y(z) = 3*z**2 + 48. What are the prime factors of y(-19)?
3, 13, 29
Suppose -147 = -d + 3*y, 0*d + 5*d - 2*y - 683 = 0. Suppose 0 = 7*z - 12*z - d. Let o = z - -46. List the prime factors of o.
19
Let r = -4 - -2. What are the prime factors of (r/(-1))/(26/377)?
29
Suppose 3*d = -3*d + 5376. Suppose -d + 164 = -4*f. Suppose 2*o = 3*a - 173, 0*o - 3*o + f = 3*a. What are the prime factors of a?
59
Let z(x) = -x**3 + 13*x**2 + 3*x - 15. Let n(l) = -4*l - 7. Let y be n(-5). What are the prime factors of z(y)?
2, 3
Suppose 8 = 14*p - 720. What are the prime factors of p?
2, 13
Let o(k) = -4*k - 6. Let h be o(-4). Let g(w) = w**3 - 3*w**2 + 2*w. Let d be g(2). Suppose d = h*x - 9*x - 21. List the prime factors of x.
3, 7
Suppose 3*l = -l + 12. Suppose 4*g - l*b + 1 = 13, 2*b = 3*g - 10. List the prime factors of (-20 - 0)*g/(-4).
2, 3, 5
Let b(v) = -30*v + 17. What are the prime factors of b(0)?
17
List the prime factors of (-5)/5 + 1236/(3 - 2).
5, 13, 19
Suppose 58 = -8*l - 598. What are the prime factors of (l/(-8))/(13/52)?
41
Let k(p) = -p**2 + 42*p - 93. What are the prime factors of k(27)?
2, 3, 13
Let c(g) = -2*g**2 + 26*g - 29. List the prime factors of c(11).
3, 5
Let u(p) = p**2 - p - 4. Let m be u(0). Let d = m - -24. Suppose 9*i - 8*i = d. What are the prime factors of i?
2, 5
What are the prime factors of (-4)/((-6)/36*3)?
2
What are the prime factors of 5*(2504/10)/2?
2, 313
Let v(j) = -j**3 + 14*j**2 - 8*j + 15. Let d be -1*(-39)/(-9)*-3. List the prime factors of v(d).
2, 5
Let t be 1/((-3)/(-18)*3). Let y(d) = 9 - d**t - 1 - 2 - 1. List the prime factors of y(0).
5
Let z = 282 + -152. What are the prime factors of z?
2, 5, 13
Let h(z) = 3*z - 8. Let x(i) be the first derivative of -i**2/2 + i + 7. Let n(q) = -h(q) - 6*x(q). List the prime factors of n(7).
23
Let y(u) = u**2 + 4*u - 1. Let j be y(-5). Let q(l) = 4*l**2 - 8*l + 8. List the prime factors of q(j).
2, 5
Let u = -16 - -18. Suppose u*z = -2*d + 6*d - 80, -2 = z. List the prime factors of d.
19
Let t = 11 + 2. Let j = -9 + t. What are the prime factors of j/(-6) - (-70)/6?
11
Let u(x) = 223*x**3 - x**2 + 2*x + 2. Let m be u(-1). Let t = 430 + m. List the prime factors of t.
2, 103
Let b = -870 - -546. Let p = -190 - b. Suppose -5*l + p = 4. What are t